{"id":6792,"date":"2022-11-02T18:38:47","date_gmt":"2022-11-02T17:38:47","guid":{"rendered":"https:\/\/viceversa.com.es\/project\/a27_-urban-planning-plaza-del-centro-2007\/"},"modified":"2025-05-08T14:27:23","modified_gmt":"2025-05-08T12:27:23","slug":"a27_-urban-planning-plaza-del-centro-2007","status":"publish","type":"project","link":"https:\/\/viceversa.com.es\/en\/project\/a27_-urban-planning-plaza-del-centro-2007\/","title":{"rendered":"A27_ &#8216;Plaza del Centro&#8217; Square (2007)"},"content":{"rendered":"<p><strong>Urban planning and <em>master plan<\/em><\/strong> of the urban center of the municipality. National urban planning competition organized by the City Council of La Vall d&#8217;Uix\u00f3. Work executed after winning the competition. [1er premio]<\/p>\n<p>La Vall d&#8217;Uix\u00f3, Castell\u00f3n, Spain.<\/p>\n<p>Co-designed with 2MN Ingenieros.<\/p>\n","protected":false},"excerpt":{"rendered":"<p>Urban planning and master plan of the urban center of the municipality. National urban planning competition organized by the City Council of La Vall d&#8217;Uix\u00f3. Work executed after winning the competition. [1er premio] La Vall d&#8217;Uix\u00f3, Castell\u00f3n, Spain. Co-designed with 2MN Ingenieros.<\/p>\n","protected":false},"author":2,"featured_media":191,"template":"","meta":{"_et_pb_use_builder":"","_et_pb_old_content":"","_et_gb_content_width":"","footnotes":""},"project_category":[265],"project_tag":[],"class_list":["post-6792","project","type-project","status-publish","has-post-thumbnail","hentry","project_category-public-space"],"yoast_head":"<!-- This site is optimized with the Yoast SEO plugin v23.5 - https:\/\/yoast.com\/wordpress\/plugins\/seo\/ -->\n<title>A27_ &#039;Plaza del Centro&#039; Square (2007) &#8211; VICEVERSA Arquitectura &amp; Dise\u00f1o<\/title>\n<meta name=\"robots\" content=\"index, follow, max-snippet:-1, max-image-preview:large, max-video-preview:-1\" \/>\n<link rel=\"canonical\" href=\"https:\/\/viceversa.com.es\/en\/project\/a27_-urban-planning-plaza-del-centro-2007\/\" \/>\n<meta property=\"og:locale\" content=\"en_US\" \/>\n<meta property=\"og:type\" content=\"article\" \/>\n<meta property=\"og:title\" content=\"A27_ &#039;Plaza del Centro&#039; Square (2007) &#8211; VICEVERSA Arquitectura &amp; Dise\u00f1o\" \/>\n<meta property=\"og:description\" content=\"Urban planning and master plan of the urban center of the municipality. National urban planning competition organized by the City Council of La Vall d&#8217;Uix\u00f3. Work executed after winning the competition. [1er premio] La Vall d&#8217;Uix\u00f3, Castell\u00f3n, Spain. Co-designed with 2MN Ingenieros.\" \/>\n<meta property=\"og:url\" content=\"https:\/\/viceversa.com.es\/en\/project\/a27_-urban-planning-plaza-del-centro-2007\/\" \/>\n<meta property=\"og:site_name\" content=\"VICEVERSA Arquitectura &amp; Dise\u00f1o\" \/>\n<meta property=\"article:publisher\" content=\"https:\/\/www.facebook.com\/viceversa.arquitectura\/\" \/>\n<meta property=\"article:modified_time\" content=\"2025-05-08T12:27:23+00:00\" \/>\n<meta property=\"og:image\" content=\"https:\/\/viceversa.com.es\/wp-content\/uploads\/2013\/12\/A24_portada.jpg\" \/>\n\t<meta property=\"og:image:width\" content=\"310\" \/>\n\t<meta property=\"og:image:height\" content=\"208\" \/>\n\t<meta property=\"og:image:type\" content=\"image\/jpeg\" \/>\n<meta name=\"twitter:card\" content=\"summary_large_image\" \/>\n<meta name=\"twitter:label1\" content=\"Est. reading time\" \/>\n\t<meta name=\"twitter:data1\" content=\"1 minute\" \/>\n<script type=\"application\/ld+json\" class=\"yoast-schema-graph\">{\"@context\":\"https:\/\/schema.org\",\"@graph\":[{\"@type\":\"WebPage\",\"@id\":\"https:\/\/viceversa.com.es\/en\/project\/a27_-urban-planning-plaza-del-centro-2007\/\",\"url\":\"https:\/\/viceversa.com.es\/en\/project\/a27_-urban-planning-plaza-del-centro-2007\/\",\"name\":\"A27_ 'Plaza del Centro' Square (2007) &#8211; VICEVERSA Arquitectura &amp; Dise\u00f1o\",\"isPartOf\":{\"@id\":\"https:\/\/viceversa.com.es\/en\/es\/#website\"},\"primaryImageOfPage\":{\"@id\":\"https:\/\/viceversa.com.es\/en\/project\/a27_-urban-planning-plaza-del-centro-2007\/#primaryimage\"},\"image\":{\"@id\":\"https:\/\/viceversa.com.es\/en\/project\/a27_-urban-planning-plaza-del-centro-2007\/#primaryimage\"},\"thumbnailUrl\":\"https:\/\/viceversa.com.es\/wp-content\/uploads\/2013\/12\/A24_portada.jpg\",\"datePublished\":\"2022-11-02T17:38:47+00:00\",\"dateModified\":\"2025-05-08T12:27:23+00:00\",\"breadcrumb\":{\"@id\":\"https:\/\/viceversa.com.es\/en\/project\/a27_-urban-planning-plaza-del-centro-2007\/#breadcrumb\"},\"inLanguage\":\"en-US\",\"potentialAction\":[{\"@type\":\"ReadAction\",\"target\":[\"https:\/\/viceversa.com.es\/en\/project\/a27_-urban-planning-plaza-del-centro-2007\/\"]}]},{\"@type\":\"ImageObject\",\"inLanguage\":\"en-US\",\"@id\":\"https:\/\/viceversa.com.es\/en\/project\/a27_-urban-planning-plaza-del-centro-2007\/#primaryimage\",\"url\":\"https:\/\/viceversa.com.es\/wp-content\/uploads\/2013\/12\/A24_portada.jpg\",\"contentUrl\":\"https:\/\/viceversa.com.es\/wp-content\/uploads\/2013\/12\/A24_portada.jpg\",\"width\":310,\"height\":208,\"caption\":\"Vicente Salvador Justicia Viceversa Arquitectura Dise\u00f1o Architecture Design Arquitecto Architect Interiorismo Interior Valencia Benicassim Benicasim Vall d'Uixo Vall de Uxo Castellon Spain\"},{\"@type\":\"BreadcrumbList\",\"@id\":\"https:\/\/viceversa.com.es\/en\/project\/a27_-urban-planning-plaza-del-centro-2007\/#breadcrumb\",\"itemListElement\":[{\"@type\":\"ListItem\",\"position\":1,\"name\":\"Home\",\"item\":\"https:\/\/viceversa.com.es\/en\/home\/\"},{\"@type\":\"ListItem\",\"position\":2,\"name\":\"Projects\",\"item\":\"https:\/\/viceversa.com.es\/en\/project\/\"},{\"@type\":\"ListItem\",\"position\":3,\"name\":\"A27_ &#8216;Plaza del Centro&#8217; Square (2007)\"}]},{\"@type\":\"WebSite\",\"@id\":\"https:\/\/viceversa.com.es\/en\/es\/#website\",\"url\":\"https:\/\/viceversa.com.es\/en\/es\/\",\"name\":\"VICEVERSA Arquitectura &amp; Dise\u00f1o\",\"description\":\"Architecture &amp; design studio\",\"publisher\":{\"@id\":\"https:\/\/viceversa.com.es\/en\/es\/#organization\"},\"potentialAction\":[{\"@type\":\"SearchAction\",\"target\":{\"@type\":\"EntryPoint\",\"urlTemplate\":\"https:\/\/viceversa.com.es\/en\/es\/?s={search_term_string}\"},\"query-input\":{\"@type\":\"PropertyValueSpecification\",\"valueRequired\":true,\"valueName\":\"search_term_string\"}}],\"inLanguage\":\"en-US\"},{\"@type\":\"Organization\",\"@id\":\"https:\/\/viceversa.com.es\/en\/es\/#organization\",\"name\":\"VICEVERSA Architecture&Design\",\"url\":\"https:\/\/viceversa.com.es\/en\/es\/\",\"logo\":{\"@type\":\"ImageObject\",\"inLanguage\":\"en-US\",\"@id\":\"https:\/\/viceversa.com.es\/en\/es\/#\/schema\/logo\/image\/\",\"url\":\"http:\/\/viceversa.com.es\/wp-content\/uploads\/2013\/12\/avatar_facebook_cuadrado_v1.jpg\",\"contentUrl\":\"http:\/\/viceversa.com.es\/wp-content\/uploads\/2013\/12\/avatar_facebook_cuadrado_v1.jpg\",\"width\":425,\"height\":425,\"caption\":\"VICEVERSA Architecture&Design\"},\"image\":{\"@id\":\"https:\/\/viceversa.com.es\/en\/es\/#\/schema\/logo\/image\/\"},\"sameAs\":[\"https:\/\/www.facebook.com\/viceversa.arquitectura\/\",\"https:\/\/www.instagram.com\/vtesalvador\",\"https:\/\/www.linkedin.com\/in\/vicentesalvador\/\",\"https:\/\/www.pinterest.es\/vicentesalvador\/\"]}]}<\/script>\n<!-- \/ Yoast SEO plugin. -->","yoast_head_json":{"title":"A27_ 'Plaza del Centro' Square (2007) &#8211; VICEVERSA Arquitectura &amp; Dise\u00f1o","robots":{"index":"index","follow":"follow","max-snippet":"max-snippet:-1","max-image-preview":"max-image-preview:large","max-video-preview":"max-video-preview:-1"},"canonical":"https:\/\/viceversa.com.es\/en\/project\/a27_-urban-planning-plaza-del-centro-2007\/","og_locale":"en_US","og_type":"article","og_title":"A27_ 'Plaza del Centro' Square (2007) &#8211; VICEVERSA Arquitectura &amp; Dise\u00f1o","og_description":"Urban planning and master plan of the urban center of the municipality. National urban planning competition organized by the City Council of La Vall d&#8217;Uix\u00f3. Work executed after winning the competition. [1er premio] La Vall d&#8217;Uix\u00f3, Castell\u00f3n, Spain. Co-designed with 2MN Ingenieros.","og_url":"https:\/\/viceversa.com.es\/en\/project\/a27_-urban-planning-plaza-del-centro-2007\/","og_site_name":"VICEVERSA Arquitectura &amp; Dise\u00f1o","article_publisher":"https:\/\/www.facebook.com\/viceversa.arquitectura\/","article_modified_time":"2025-05-08T12:27:23+00:00","og_image":[{"width":310,"height":208,"url":"https:\/\/viceversa.com.es\/wp-content\/uploads\/2013\/12\/A24_portada.jpg","type":"image\/jpeg"}],"twitter_card":"summary_large_image","twitter_misc":{"Est. reading time":"1 minute"},"schema":{"@context":"https:\/\/schema.org","@graph":[{"@type":"WebPage","@id":"https:\/\/viceversa.com.es\/en\/project\/a27_-urban-planning-plaza-del-centro-2007\/","url":"https:\/\/viceversa.com.es\/en\/project\/a27_-urban-planning-plaza-del-centro-2007\/","name":"A27_ 'Plaza del Centro' Square (2007) &#8211; VICEVERSA Arquitectura &amp; Dise\u00f1o","isPartOf":{"@id":"https:\/\/viceversa.com.es\/en\/es\/#website"},"primaryImageOfPage":{"@id":"https:\/\/viceversa.com.es\/en\/project\/a27_-urban-planning-plaza-del-centro-2007\/#primaryimage"},"image":{"@id":"https:\/\/viceversa.com.es\/en\/project\/a27_-urban-planning-plaza-del-centro-2007\/#primaryimage"},"thumbnailUrl":"https:\/\/viceversa.com.es\/wp-content\/uploads\/2013\/12\/A24_portada.jpg","datePublished":"2022-11-02T17:38:47+00:00","dateModified":"2025-05-08T12:27:23+00:00","breadcrumb":{"@id":"https:\/\/viceversa.com.es\/en\/project\/a27_-urban-planning-plaza-del-centro-2007\/#breadcrumb"},"inLanguage":"en-US","potentialAction":[{"@type":"ReadAction","target":["https:\/\/viceversa.com.es\/en\/project\/a27_-urban-planning-plaza-del-centro-2007\/"]}]},{"@type":"ImageObject","inLanguage":"en-US","@id":"https:\/\/viceversa.com.es\/en\/project\/a27_-urban-planning-plaza-del-centro-2007\/#primaryimage","url":"https:\/\/viceversa.com.es\/wp-content\/uploads\/2013\/12\/A24_portada.jpg","contentUrl":"https:\/\/viceversa.com.es\/wp-content\/uploads\/2013\/12\/A24_portada.jpg","width":310,"height":208,"caption":"Vicente Salvador Justicia Viceversa Arquitectura Dise\u00f1o Architecture Design Arquitecto Architect Interiorismo Interior Valencia Benicassim Benicasim Vall d'Uixo Vall de Uxo Castellon Spain"},{"@type":"BreadcrumbList","@id":"https:\/\/viceversa.com.es\/en\/project\/a27_-urban-planning-plaza-del-centro-2007\/#breadcrumb","itemListElement":[{"@type":"ListItem","position":1,"name":"Home","item":"https:\/\/viceversa.com.es\/en\/home\/"},{"@type":"ListItem","position":2,"name":"Projects","item":"https:\/\/viceversa.com.es\/en\/project\/"},{"@type":"ListItem","position":3,"name":"A27_ &#8216;Plaza del Centro&#8217; Square (2007)"}]},{"@type":"WebSite","@id":"https:\/\/viceversa.com.es\/en\/es\/#website","url":"https:\/\/viceversa.com.es\/en\/es\/","name":"VICEVERSA Arquitectura &amp; Dise\u00f1o","description":"Architecture &amp; design studio","publisher":{"@id":"https:\/\/viceversa.com.es\/en\/es\/#organization"},"potentialAction":[{"@type":"SearchAction","target":{"@type":"EntryPoint","urlTemplate":"https:\/\/viceversa.com.es\/en\/es\/?s={search_term_string}"},"query-input":{"@type":"PropertyValueSpecification","valueRequired":true,"valueName":"search_term_string"}}],"inLanguage":"en-US"},{"@type":"Organization","@id":"https:\/\/viceversa.com.es\/en\/es\/#organization","name":"VICEVERSA Architecture&Design","url":"https:\/\/viceversa.com.es\/en\/es\/","logo":{"@type":"ImageObject","inLanguage":"en-US","@id":"https:\/\/viceversa.com.es\/en\/es\/#\/schema\/logo\/image\/","url":"http:\/\/viceversa.com.es\/wp-content\/uploads\/2013\/12\/avatar_facebook_cuadrado_v1.jpg","contentUrl":"http:\/\/viceversa.com.es\/wp-content\/uploads\/2013\/12\/avatar_facebook_cuadrado_v1.jpg","width":425,"height":425,"caption":"VICEVERSA Architecture&Design"},"image":{"@id":"https:\/\/viceversa.com.es\/en\/es\/#\/schema\/logo\/image\/"},"sameAs":["https:\/\/www.facebook.com\/viceversa.arquitectura\/","https:\/\/www.instagram.com\/vtesalvador","https:\/\/www.linkedin.com\/in\/vicentesalvador\/","https:\/\/www.pinterest.es\/vicentesalvador\/"]}]}},"_links":{"self":[{"href":"https:\/\/viceversa.com.es\/en\/wp-json\/wp\/v2\/project\/6792"}],"collection":[{"href":"https:\/\/viceversa.com.es\/en\/wp-json\/wp\/v2\/project"}],"about":[{"href":"https:\/\/viceversa.com.es\/en\/wp-json\/wp\/v2\/types\/project"}],"author":[{"embeddable":true,"href":"https:\/\/viceversa.com.es\/en\/wp-json\/wp\/v2\/users\/2"}],"version-history":[{"count":3,"href":"https:\/\/viceversa.com.es\/en\/wp-json\/wp\/v2\/project\/6792\/revisions"}],"predecessor-version":[{"id":8153,"href":"https:\/\/viceversa.com.es\/en\/wp-json\/wp\/v2\/project\/6792\/revisions\/8153"}],"wp:featuredmedia":[{"embeddable":true,"href":"https:\/\/viceversa.com.es\/en\/wp-json\/wp\/v2\/media\/191"}],"wp:attachment":[{"href":"https:\/\/viceversa.com.es\/en\/wp-json\/wp\/v2\/media?parent=6792"}],"wp:term":[{"taxonomy":"project_category","embeddable":true,"href":"https:\/\/viceversa.com.es\/en\/wp-json\/wp\/v2\/project_category?post=6792"},{"taxonomy":"project_tag","embeddable":true,"href":"https:\/\/viceversa.com.es\/en\/wp-json\/wp\/v2\/project_tag?post=6792"}],"curies":[{"name":"wp","href":"https:\/\/api.w.org\/{rel}","templated":true}]}}

<p><strong>Urban planning and <em>master plan</em></strong> of the urban center of the municipality. National urban planning competition organized by the City Council of La Vall d&#8217;Uixó. Work executed after winning the competition. [1er premio]</p>
<p>La Vall d&#8217;Uixó, Castellón, Spain.</p>
<p>Co-designed with 2MN Ingenieros.</p>

<p>Urban planning and master plan of the urban center of the municipality. National urban planning competition organized by the City Council of La Vall d&#8217;Uixó. Work executed after winning the competition. [1er premio] La Vall d&#8217;Uixó, Castellón, Spain. Co-designed with 2MN Ingenieros.</p>

<!-- This site is optimized with the Yoast SEO plugin v23.5 - https://yoast.com/wordpress/plugins/seo/ -->
<title>A27_ &#039;Plaza del Centro&#039; Square (2007) &#8211; VICEVERSA Arquitectura &amp; Diseño</title>
<meta name="robots" content="index, follow, max-snippet:-1, max-image-preview:large, max-video-preview:-1" />
<link rel="canonical" href="https://viceversa.com.es/en/project/a27_-urban-planning-plaza-del-centro-2007/" />
<meta property="og:locale" content="en_US" />
<meta property="og:type" content="article" />
<meta property="og:title" content="A27_ &#039;Plaza del Centro&#039; Square (2007) &#8211; VICEVERSA Arquitectura &amp; Diseño" />
<meta property="og:description" content="Urban planning and master plan of the urban center of the municipality. National urban planning competition organized by the City Council of La Vall d&#8217;Uixó. Work executed after winning the competition. [1er premio] La Vall d&#8217;Uixó, Castellón, Spain. Co-designed with 2MN Ingenieros." />
<meta property="og:url" content="https://viceversa.com.es/en/project/a27_-urban-planning-plaza-del-centro-2007/" />
<meta property="og:site_name" content="VICEVERSA Arquitectura &amp; Diseño" />
<meta property="article:publisher" content="https://www.facebook.com/viceversa.arquitectura/" />
<meta property="article:modified_time" content="2025-05-08T12:27:23+00:00" />
<meta property="og:image" content="https://viceversa.com.es/wp-content/uploads/2013/12/A24_portada.jpg" />
	<meta property="og:image:width" content="310" />
	<meta property="og:image:height" content="208" />
	<meta property="og:image:type" content="image/jpeg" />
<meta name="twitter:card" content="summary_large_image" />
<meta name="twitter:label1" content="Est. reading time" />
	<meta name="twitter:data1" content="1 minute" />
<script type="application/ld+json" class="yoast-schema-graph">{"@context":"https://schema.org","@graph":[{"@type":"WebPage","@id":"https://viceversa.com.es/en/project/a27_-urban-planning-plaza-del-centro-2007/","url":"https://viceversa.com.es/en/project/a27_-urban-planning-plaza-del-centro-2007/","name":"A27_ 'Plaza del Centro' Square (2007) &#8211; VICEVERSA Arquitectura &amp; Diseño","isPartOf":{"@id":"https://viceversa.com.es/en/es/#website"},"primaryImageOfPage":{"@id":"https://viceversa.com.es/en/project/a27_-urban-planning-plaza-del-centro-2007/#primaryimage"},"image":{"@id":"https://viceversa.com.es/en/project/a27_-urban-planning-plaza-del-centro-2007/#primaryimage"},"thumbnailUrl":"https://viceversa.com.es/wp-content/uploads/2013/12/A24_portada.jpg","datePublished":"2022-11-02T17:38:47+00:00","dateModified":"2025-05-08T12:27:23+00:00","breadcrumb":{"@id":"https://viceversa.com.es/en/project/a27_-urban-planning-plaza-del-centro-2007/#breadcrumb"},"inLanguage":"en-US","potentialAction":[{"@type":"ReadAction","target":["https://viceversa.com.es/en/project/a27_-urban-planning-plaza-del-centro-2007/"]}]},{"@type":"ImageObject","inLanguage":"en-US","@id":"https://viceversa.com.es/en/project/a27_-urban-planning-plaza-del-centro-2007/#primaryimage","url":"https://viceversa.com.es/wp-content/uploads/2013/12/A24_portada.jpg","contentUrl":"https://viceversa.com.es/wp-content/uploads/2013/12/A24_portada.jpg","width":310,"height":208,"caption":"Vicente Salvador Justicia Viceversa Arquitectura Diseño Architecture Design Arquitecto Architect Interiorismo Interior Valencia Benicassim Benicasim Vall d'Uixo Vall de Uxo Castellon Spain"},{"@type":"BreadcrumbList","@id":"https://viceversa.com.es/en/project/a27_-urban-planning-plaza-del-centro-2007/#breadcrumb","itemListElement":[{"@type":"ListItem","position":1,"name":"Home","item":"https://viceversa.com.es/en/home/"},{"@type":"ListItem","position":2,"name":"Projects","item":"https://viceversa.com.es/en/project/"},{"@type":"ListItem","position":3,"name":"A27_ &#8216;Plaza del Centro&#8217; Square (2007)"}]},{"@type":"WebSite","@id":"https://viceversa.com.es/en/es/#website","url":"https://viceversa.com.es/en/es/","name":"VICEVERSA Arquitectura &amp; Diseño","description":"Architecture &amp; design studio","publisher":{"@id":"https://viceversa.com.es/en/es/#organization"},"potentialAction":[{"@type":"SearchAction","target":{"@type":"EntryPoint","urlTemplate":"https://viceversa.com.es/en/es/?s={search_term_string}"},"query-input":{"@type":"PropertyValueSpecification","valueRequired":true,"valueName":"search_term_string"}}],"inLanguage":"en-US"},{"@type":"Organization","@id":"https://viceversa.com.es/en/es/#organization","name":"VICEVERSA Architecture&Design","url":"https://viceversa.com.es/en/es/","logo":{"@type":"ImageObject","inLanguage":"en-US","@id":"https://viceversa.com.es/en/es/#/schema/logo/image/","url":"http://viceversa.com.es/wp-content/uploads/2013/12/avatar_facebook_cuadrado_v1.jpg","contentUrl":"http://viceversa.com.es/wp-content/uploads/2013/12/avatar_facebook_cuadrado_v1.jpg","width":425,"height":425,"caption":"VICEVERSA Architecture&Design"},"image":{"@id":"https://viceversa.com.es/en/es/#/schema/logo/image/"},"sameAs":["https://www.facebook.com/viceversa.arquitectura/","https://www.instagram.com/vtesalvador","https://www.linkedin.com/in/vicentesalvador/","https://www.pinterest.es/vicentesalvador/"]}]}</script>
<!-- / Yoast SEO plugin. -->

A27_ 'Plaza del Centro' Square (2007) &#8211; VICEVERSA Arquitectura &amp; Diseño

Urban planning and master plan of the urban center of the municipality. National urban planning competition organized by the City Council of La Vall d&#8217;Uixó. Work executed after winning the competition. [1er premio] La Vall d&#8217;Uixó, Castellón, Spain. Co-designed with 2MN Ingenieros.

VICEVERSA Arquitectura &amp; Diseño

Vicente Salvador Justicia Viceversa Arquitectura Diseño Architecture Design Arquitecto Architect Interiorismo Interior Valencia Benicassim Benicasim Vall d'Uixo Vall de Uxo Castellon Spain
